[INFO] fetching crate bevy_event_set 0.2.0...
[INFO] building bevy_event_set-0.2.0 against master#881c1ac408d93bb7adaa3a51dabab9266e82eee8 for issue-85264
[INFO] extracting crate bevy_event_set 0.2.0 into /workspace/builds/worker-10/source
[INFO] validating manifest of crates.io crate bevy_event_set 0.2.0 on toolchain 881c1ac408d93bb7adaa3a51dabab9266e82eee8
[INFO] running `Command { std: "/workspace/cargo-home/bin/cargo" "+881c1ac408d93bb7adaa3a51dabab9266e82eee8" "metadata" "--manifest-path" "Cargo.toml" "--no-deps", kill_on_drop: false }`
[INFO] started tweaking crates.io crate bevy_event_set 0.2.0
[INFO] finished tweaking crates.io crate bevy_event_set 0.2.0
[INFO] tweaked toml for crates.io crate bevy_event_set 0.2.0 written to /workspace/builds/worker-10/source/Cargo.toml
[INFO] running `Command { std: "/workspace/cargo-home/bin/cargo" "+881c1ac408d93bb7adaa3a51dabab9266e82eee8" "generate-lockfile" "--manifest-path" "Cargo.toml" "-Zno-index-update", kill_on_drop: false }`
[INFO] running `Command { std: "/workspace/cargo-home/bin/cargo" "+881c1ac408d93bb7adaa3a51dabab9266e82eee8" "fetch" "--manifest-path" "Cargo.toml", kill_on_drop: false }`
[INFO] [stderr]     Blocking waiting for file lock on package cache
[INFO] running `Command { std: "docker" "create" "-v" "/var/lib/crater-agent-workspace/builds/worker-10/target:/opt/rustwide/target:rw,Z" "-v" "/var/lib/crater-agent-workspace/builds/worker-10/source:/opt/rustwide/workdir:ro,Z" "-v" "/var/lib/crater-agent-workspace/cargo-home:/opt/rustwide/cargo-home:ro,Z" "-v" "/var/lib/crater-agent-workspace/rustup-home:/opt/rustwide/rustup-home:ro,Z" "-e" "SOURCE_DIR=/opt/rustwide/workdir" "-e" "CARGO_TARGET_DIR=/opt/rustwide/target" "-e" "CARGO_HOME=/opt/rustwide/cargo-home" "-e" "RUSTUP_HOME=/opt/rustwide/rustup-home" "-w" "/opt/rustwide/workdir" "-m" "1610612736" "--user" "0:0" "--network" "none" "ghcr.io/rust-lang/crates-build-env/linux@sha256:20528e8c29e4536546f0102ce88568b16ea7538393a33fcca951030f7af10457" "/opt/rustwide/cargo-home/bin/cargo" "+881c1ac408d93bb7adaa3a51dabab9266e82eee8" "metadata" "--no-deps" "--format-version=1", kill_on_drop: false }`
[INFO] [stdout] 43ee76df5dc1c4c29b8db3c35cc946d6c34d7a74aa23f614f4dbf15f1cd38760
[INFO] [stderr] WARNING: Your kernel does not support swap limit capabilities or the cgroup is not mounted. Memory limited without swap.
[INFO] running `Command { std: "docker" "start" "-a" "43ee76df5dc1c4c29b8db3c35cc946d6c34d7a74aa23f614f4dbf15f1cd38760", kill_on_drop: false }`
[INFO] running `Command { std: "docker" "inspect" "43ee76df5dc1c4c29b8db3c35cc946d6c34d7a74aa23f614f4dbf15f1cd38760", kill_on_drop: false }`
[INFO] running `Command { std: "docker" "rm" "-f" "43ee76df5dc1c4c29b8db3c35cc946d6c34d7a74aa23f614f4dbf15f1cd38760", kill_on_drop: false }`
[INFO] [stdout] 43ee76df5dc1c4c29b8db3c35cc946d6c34d7a74aa23f614f4dbf15f1cd38760
[INFO] running `Command { std: "docker" "create" "-v" "/var/lib/crater-agent-workspace/builds/worker-10/target:/opt/rustwide/target:rw,Z" "-v" "/var/lib/crater-agent-workspace/builds/worker-10/source:/opt/rustwide/workdir:ro,Z" "-v" "/var/lib/crater-agent-workspace/cargo-home:/opt/rustwide/cargo-home:ro,Z" "-v" "/var/lib/crater-agent-workspace/rustup-home:/opt/rustwide/rustup-home:ro,Z" "-e" "SOURCE_DIR=/opt/rustwide/workdir" "-e" "CARGO_TARGET_DIR=/opt/rustwide/target" "-e" "CARGO_INCREMENTAL=0" "-e" "RUST_BACKTRACE=full" "-e" "RUSTFLAGS=--cap-lints=forbid" "-e" "CARGO_HOME=/opt/rustwide/cargo-home" "-e" "RUSTUP_HOME=/opt/rustwide/rustup-home" "-w" "/opt/rustwide/workdir" "-m" "1610612736" "--user" "0:0" "--network" "none" "ghcr.io/rust-lang/crates-build-env/linux@sha256:20528e8c29e4536546f0102ce88568b16ea7538393a33fcca951030f7af10457" "/opt/rustwide/cargo-home/bin/cargo" "+881c1ac408d93bb7adaa3a51dabab9266e82eee8" "build" "--frozen" "--message-format=json", kill_on_drop: false }`
[INFO] [stdout] a83f9696b176b4cb18dd642f055979a88a402d51a3c2f571f33696cfb7ba1c80
[INFO] [stderr] WARNING: Your kernel does not support swap limit capabilities or the cgroup is not mounted. Memory limited without swap.
[INFO] running `Command { std: "docker" "start" "-a" "a83f9696b176b4cb18dd642f055979a88a402d51a3c2f571f33696cfb7ba1c80", kill_on_drop: false }`
[INFO] [stderr]    Compiling unicode-xid v0.2.2
[INFO] [stderr]    Compiling memchr v2.4.0
[INFO] [stderr]    Compiling version_check v0.9.3
[INFO] [stderr]    Compiling pin-project-lite v0.2.6
[INFO] [stderr]    Compiling once_cell v1.7.2
[INFO] [stderr]    Compiling fastrand v1.4.1
[INFO] [stderr]    Compiling slab v0.4.3
[INFO] [stderr]    Compiling byteorder v1.4.3
[INFO] [stderr]    Compiling serde_json v1.0.64
[INFO] [stderr]    Compiling anyhow v1.0.40
[INFO] [stderr]    Compiling tracing-core v0.1.18
[INFO] [stderr]    Compiling lock_api v0.4.4
[INFO] [stderr]    Compiling num-traits v0.2.14
[INFO] [stderr]    Compiling crossbeam-utils v0.8.4
[INFO] [stderr]    Compiling crossbeam-utils v0.7.2
[INFO] [stderr]    Compiling walkdir v2.3.2
[INFO] [stderr]    Compiling getrandom v0.2.3
[INFO] [stderr]    Compiling getrandom v0.1.16
[INFO] [stderr]    Compiling async-channel v1.6.1
[INFO] [stderr]    Compiling filetime v0.2.14
[INFO] [stderr]    Compiling mio v0.7.11
[INFO] [stderr]    Compiling inotify v0.9.3
[INFO] [stderr]    Compiling proc-macro2 v1.0.27
[INFO] [stderr]    Compiling regex-automata v0.1.9
[INFO] [stderr]    Compiling ahash v0.6.3
[INFO] [stderr]    Compiling glam v0.11.3
[INFO] [stderr]    Compiling rand_core v0.5.1
[INFO] [stderr]    Compiling thread_local v1.1.3
[INFO] [stderr]    Compiling quote v1.0.9
[INFO] [stderr]    Compiling rand_chacha v0.2.2
[INFO] [stderr]    Compiling rand v0.7.3
[INFO] [stderr]    Compiling futures-lite v1.11.3
[INFO] [stderr]    Compiling aho-corasick v0.7.18
[INFO] [stderr]    Compiling crossbeam-channel v0.5.1
[INFO] [stderr]    Compiling tracing-log v0.1.2
[INFO] [stderr]    Compiling syn v1.0.72
[INFO] [stderr]    Compiling crossbeam-channel v0.4.4
[INFO] [stderr]    Compiling num-integer v0.1.44
[INFO] [stderr]    Compiling matchers v0.0.1
[INFO] [stderr]    Compiling regex v1.5.4
[INFO] [stderr]    Compiling notify v5.0.0-pre.9
[INFO] [stderr]    Compiling chrono v0.4.19
[INFO] [stderr]    Compiling async-executor v1.4.1
[INFO] [stderr]    Compiling bevy_tasks v0.4.0
[INFO] [stderr]    Compiling serde_derive v1.0.126
[INFO] [stderr]    Compiling tracing-attributes v0.1.15
[INFO] [stderr]    Compiling thiserror-impl v1.0.25
[INFO] [stderr]    Compiling thiserror v1.0.25
[INFO] [stderr]    Compiling tracing v0.1.26
[INFO] [stderr]    Compiling serde v1.0.126
[INFO] [stderr]    Compiling toml v0.5.8
[INFO] [stderr]    Compiling smallvec v1.6.1
[INFO] [stderr]    Compiling uuid v0.8.2
[INFO] [stderr]    Compiling erased-serde v0.3.15
[INFO] [stderr]    Compiling tracing-serde v0.1.2
[INFO] [stderr]    Compiling ron v0.6.4
[INFO] [stderr]    Compiling parking_lot_core v0.8.3
[INFO] [stderr]    Compiling bevy_utils v0.4.0
[INFO] [stderr]    Compiling parking_lot v0.11.1
[INFO] [stderr]    Compiling tracing-subscriber v0.2.18
[INFO] [stderr]    Compiling find-crate v0.6.3
[INFO] [stderr]    Compiling bevy_ecs_macros v0.4.0
[INFO] [stderr]    Compiling bevy_derive v0.4.0
[INFO] [stderr]    Compiling bevy_reflect_derive v0.4.0
[INFO] [stderr]    Compiling bevy_ecs v0.4.0
[INFO] [stderr]    Compiling bevy_app v0.4.0
[INFO] [stderr]    Compiling bevy_reflect v0.4.0
[INFO] [stderr]    Compiling bevy_log v0.4.0
[INFO] [stderr]    Compiling bevy_math v0.4.0
[INFO] [stderr]    Compiling bevy_asset v0.4.0
[INFO] [stderr]    Compiling bevy_transform v0.4.0
[INFO] [stderr]    Compiling bevy_core v0.4.0
[INFO] [stderr]    Compiling bevy_window v0.4.0
[INFO] [stderr]    Compiling bevy_input v0.4.0
[INFO] [stderr]    Compiling bevy_diagnostic v0.4.0
[INFO] [stderr]    Compiling bevy_scene v0.4.0
[INFO] [stderr]    Compiling bevy_internal v0.4.0
[INFO] [stderr]    Compiling bevy v0.4.0
[INFO] [stderr]    Compiling bevy_event_set v0.2.0 (/opt/rustwide/workdir)
[INFO] [stderr]     Finished dev [unoptimized + debuginfo] target(s) in 1m 12s
[INFO] running `Command { std: "docker" "inspect" "a83f9696b176b4cb18dd642f055979a88a402d51a3c2f571f33696cfb7ba1c80", kill_on_drop: false }`
[INFO] running `Command { std: "docker" "rm" "-f" "a83f9696b176b4cb18dd642f055979a88a402d51a3c2f571f33696cfb7ba1c80", kill_on_drop: false }`
[INFO] [stdout] a83f9696b176b4cb18dd642f055979a88a402d51a3c2f571f33696cfb7ba1c80
[INFO] running `Command { std: "docker" "create" "-v" "/var/lib/crater-agent-workspace/builds/worker-10/target:/opt/rustwide/target:rw,Z" "-v" "/var/lib/crater-agent-workspace/builds/worker-10/source:/opt/rustwide/workdir:ro,Z" "-v" "/var/lib/crater-agent-workspace/cargo-home:/opt/rustwide/cargo-home:ro,Z" "-v" "/var/lib/crater-agent-workspace/rustup-home:/opt/rustwide/rustup-home:ro,Z" "-e" "SOURCE_DIR=/opt/rustwide/workdir" "-e" "CARGO_TARGET_DIR=/opt/rustwide/target" "-e" "CARGO_INCREMENTAL=0" "-e" "RUST_BACKTRACE=full" "-e" "RUSTFLAGS=--cap-lints=forbid" "-e" "CARGO_HOME=/opt/rustwide/cargo-home" "-e" "RUSTUP_HOME=/opt/rustwide/rustup-home" "-w" "/opt/rustwide/workdir" "-m" "1610612736" "--user" "0:0" "--network" "none" "ghcr.io/rust-lang/crates-build-env/linux@sha256:20528e8c29e4536546f0102ce88568b16ea7538393a33fcca951030f7af10457" "/opt/rustwide/cargo-home/bin/cargo" "+881c1ac408d93bb7adaa3a51dabab9266e82eee8" "test" "--frozen" "--no-run" "--message-format=json", kill_on_drop: false }`
[INFO] [stdout] f685ca769be22a3603ee542103a4700888218dc286070538a030eef3d745a5b1
[INFO] [stderr] WARNING: Your kernel does not support swap limit capabilities or the cgroup is not mounted. Memory limited without swap.
[INFO] running `Command { std: "docker" "start" "-a" "f685ca769be22a3603ee542103a4700888218dc286070538a030eef3d745a5b1", kill_on_drop: false }`
[INFO] [stderr]    Compiling bevy_event_set v0.2.0 (/opt/rustwide/workdir)
[INFO] [stdout] error[E0433]: failed to resolve: use of undeclared type `SystemParam`
[INFO] [stdout]    --> src/lib.rs:90:12
[INFO] [stdout]     |
[INFO] [stdout] 90  |         #[derive(bevy::ecs::SystemParam)]
[INFO] [stdout]     |                  ^^^^^^^^^^^^^^^^^^^^^^ use of undeclared type `SystemParam`
[INFO] [stdout] ...
[INFO] [stdout] 124 |         event_set!(MyEvents { TestEvent });
[INFO] [stdout]     |         ----------------------------------- in this macro invocation
[INFO] [stdout]     |
[INFO] [stdout]     = note: this error originates in a derive macro (in Nightly builds, run with -Z macro-backtrace for more info)
[INFO] [stdout] 
[INFO] [stdout] 
[INFO] [stdout] error[E0433]: failed to resolve: use of undeclared type `SystemParam`
[INFO] [stdout]    --> src/lib.rs:90:12
[INFO] [stdout]     |
[INFO] [stdout] 90  |         #[derive(bevy::ecs::SystemParam)]
[INFO] [stdout]     |                  ^^^^^^^^^^^^^^^^^^^^^^ use of undeclared type `SystemParam`
[INFO] [stdout] ...
[INFO] [stdout] 125 |         event_set!(MyEvents2 { TestEvent });
[INFO] [stdout]     |         ------------------------------------ in this macro invocation
[INFO] [stdout]     |
[INFO] [stdout]     = note: this error originates in a derive macro (in Nightly builds, run with -Z macro-backtrace for more info)
[INFO] [stdout] 
[INFO] [stdout] 
[INFO] [stdout] error[E0433]: failed to resolve: use of undeclared type `SystemParam`
[INFO] [stdout]    --> src/lib.rs:90:12
[INFO] [stdout]     |
[INFO] [stdout] 90  |           #[derive(bevy::ecs::SystemParam)]
[INFO] [stdout]     |                    ^^^^^^^^^^^^^^^^^^^^^^ use of undeclared type `SystemParam`
[INFO] [stdout] ...
[INFO] [stdout] 135 | /         event_set!(MyEvents {
[INFO] [stdout] 136 | |             TestEvent1,
[INFO] [stdout] 137 | |             TestEvent2
[INFO] [stdout] 138 | |         });
[INFO] [stdout]     | |___________- in this macro invocation
[INFO] [stdout]     |
[INFO] [stdout]     = note: this error originates in a derive macro (in Nightly builds, run with -Z macro-backtrace for more info)
[INFO] [stdout] 
[INFO] [stdout] 
[INFO] [stdout] error[E0433]: failed to resolve: use of undeclared type `SystemParam`
[INFO] [stdout]    --> src/lib.rs:90:12
[INFO] [stdout]     |
[INFO] [stdout] 90  |         #[derive(bevy::ecs::SystemParam)]
[INFO] [stdout]     |                  ^^^^^^^^^^^^^^^^^^^^^^ use of undeclared type `SystemParam`
[INFO] [stdout] ...
[INFO] [stdout] 146 |         event_set!(MyEvents { TestEvent });
[INFO] [stdout]     |         ----------------------------------- in this macro invocation
[INFO] [stdout]     |
[INFO] [stdout]     = note: this error originates in a derive macro (in Nightly builds, run with -Z macro-backtrace for more info)
[INFO] [stdout] 
[INFO] [stdout] 
[INFO] [stdout] error: aborting due to 4 previous errors
[INFO] [stdout] 
[INFO] [stdout] 
[INFO] [stdout] For more information about this error, try `rustc --explain E0433`.
[INFO] [stdout] 
[INFO] [stderr] error: could not compile `bevy_event_set`
[INFO] [stderr] 
[INFO] [stderr] To learn more, run the command again with --verbose.
[INFO] running `Command { std: "docker" "inspect" "f685ca769be22a3603ee542103a4700888218dc286070538a030eef3d745a5b1", kill_on_drop: false }`
[INFO] running `Command { std: "docker" "rm" "-f" "f685ca769be22a3603ee542103a4700888218dc286070538a030eef3d745a5b1", kill_on_drop: false }`
[INFO] [stdout] f685ca769be22a3603ee542103a4700888218dc286070538a030eef3d745a5b1
